{"id":1204,"date":"2014-11-22T12:55:24","date_gmt":"2014-11-22T11:55:24","guid":{"rendered":"http:\/\/www.maennerchor-ermlitz.de\/?page_id=1204"},"modified":"2020-01-07T16:36:47","modified_gmt":"2020-01-07T15:36:47","slug":"konzertberichte","status":"publish","type":"page","link":"https:\/\/www.maennerchor-ermlitz.de\/?page_id=1204","title":{"rendered":"Konzertberichte &#038; Meldungen"},"content":{"rendered":"<p>Hier finden Sie eine \u00dcbersicht unserer Konzertberichte, sowie wichtige Meldungen geordnet nach Jahren.<\/p>\n<p style=\"text-align: center;\"><a href=\"https:\/\/www.maennerchor-ermlitz.de\/?page_id=78\">Highlights bis 2015<\/a><\/p>\n<p style=\"text-align: center;\"><a href=\"https:\/\/www.maennerchor-ermlitz.de\/?page_id=1568\">2016<\/a><\/p>\n<p style=\"text-align: center;\"><a href=\"https:\/\/www.maennerchor-ermlitz.de\/?page_id=1751\">2017<\/a><\/p>\n<p style=\"text-align: center;\"><a href=\"https:\/\/www.maennerchor-ermlitz.de\/?page_id=2078\">2018<\/a><\/p>\n<p style=\"text-align: center;\"><a href=\"https:\/\/www.maennerchor-ermlitz.de\/?page_id=4230\">2019<\/a><\/p>\n<p style=\"text-align: center;\"><a href=\"https:\/\/www.maennerchor-ermlitz.de\/?page_id=5504\">2020<\/a><\/p>\n","protected":false},"excerpt":{"rendered":"<p>Hier finden Sie eine \u00dcbersicht unserer Konzertberichte, sowie wichtige Meldungen geordnet nach Jahren. Highlights bis 2015 2016 2017 2018 2019 2020<\/p>\n","protected":false},"author":1,"featured_media":0,"parent":0,"menu_order":0,"comment_status":"closed","ping_status":"closed","template":"","meta":{"jetpack_post_was_ever_published":false,"footnotes":""},"categories":[9],"tags":[],"class_list":["post-1204","page","type-page","status-publish","hentry","category-inhalte"],"jetpack_sharing_enabled":false,"jetpack_shortlink":"https:\/\/wp.me\/P5m6MX-jq","jetpack-related-posts":[{"id":2078,"url":"https:\/\/www.maennerchor-ermlitz.de\/?page_id=2078","url_meta":{"origin":1204,"position":0},"title":"Veranstaltungen 2018","author":"Administrator","date":"26. Februar 2018","format":false,"excerpt":"06.02.\u00a0 Jahreshauptversammlung \u00a0Der 1. Vereinsvorsitzende Siegmund Weinert hat Rechenschaft \u00fcber die geleistete Arbeit im Wirtschaftsjahr 2017 gelegt. Zu Beginn der Versammlung wurde mit einer Schweigeminute\u00a0 an den verstorbenen Sangesfreund Gerd M\u00f6ritz und an das f\u00f6rdernde Mitglied des Chores Andreas Herzog gedacht. Gerd M\u00f6ritz war 30 Jahre aktives Mitglied des Chores.\u2026","rel":"","context":"In &quot;Inhalte&quot;","block_context":{"text":"Inhalte","link":"https:\/\/www.maennerchor-ermlitz.de\/?cat=9"},"img":{"alt_text":"","src":"https:\/\/i0.wp.com\/www.maennerchor-ermlitz.de\/wp-content\/uploads\/002.jpg?resize=350%2C200","width":350,"height":200},"classes":[]},{"id":4230,"url":"https:\/\/www.maennerchor-ermlitz.de\/?page_id=4230","url_meta":{"origin":1204,"position":1},"title":"Veranstaltungen 2019","author":"Administrator","date":"31. Dezember 2018","format":false,"excerpt":"12.02. Jahreshauptversammlung Der 1. Vorsitzende des Chorvorstandes Siegmund Weinert hat Rechenschaft \u00fcber die geleistete Arbeit des Chores im Jahr 2018 abgelegt. Er dankte allen f\u00fcr die geleistete Arbeit. Im Berichtsjahr geh\u00f6rten dem Chor 28 aktive Sangesfreunde an. 10 f\u00f6rdernde Mitglieder unterst\u00fctzen den Chor dankenswerterweise. Es wurden 41 Chorproben durchgef\u00fchrt. Um\u2026","rel":"","context":"In &quot;Inhalte&quot;","block_context":{"text":"Inhalte","link":"https:\/\/www.maennerchor-ermlitz.de\/?cat=9"},"img":{"alt_text":"","src":"https:\/\/i0.wp.com\/www.maennerchor-ermlitz.de\/wp-content\/uploads\/P1050798.jpg?resize=350%2C200","width":350,"height":200,"srcset":"https:\/\/i0.wp.com\/www.maennerchor-ermlitz.de\/wp-content\/uploads\/P1050798.jpg?resize=350%2C200 1x, https:\/\/i0.wp.com\/www.maennerchor-ermlitz.de\/wp-content\/uploads\/P1050798.jpg?resize=525%2C300 1.5x, https:\/\/i0.wp.com\/www.maennerchor-ermlitz.de\/wp-content\/uploads\/P1050798.jpg?resize=700%2C400 2x"},"classes":[]},{"id":988,"url":"https:\/\/www.maennerchor-ermlitz.de\/?page_id=988","url_meta":{"origin":1204,"position":2},"title":"Veranstaltungen 2014","author":"Administrator","date":"17. November 2014","format":false,"excerpt":"04.02. Jahreshauptversammlung Der 1. Vereinsvorsitzende hat Rechenschaft \u00fcber die geleistete Arbeit des Chores im Berichtsjahr 2013 gelegt. Im Berichtsjahr ist unser Sangesfreund Werner Herfurth verstorben. In einer Schweigeminute wurde an ihn gedacht. Es wurden 44 Chorproben sowie eine Sonderprobe durchgef\u00fchrt. \u00d6ffentliche Auftritte waren es 12. Der Chor hat zur Zeit\u2026","rel":"","context":"In &quot;Inhalte&quot;","block_context":{"text":"Inhalte","link":"https:\/\/www.maennerchor-ermlitz.de\/?cat=9"},"img":{"alt_text":"","src":"https:\/\/i0.wp.com\/www.maennerchor-ermlitz.de\/wp-content\/uploads\/SDC11565.jpg?resize=350%2C200","width":350,"height":200,"srcset":"https:\/\/i0.wp.com\/www.maennerchor-ermlitz.de\/wp-content\/uploads\/SDC11565.jpg?resize=350%2C200 1x, https:\/\/i0.wp.com\/www.maennerchor-ermlitz.de\/wp-content\/uploads\/SDC11565.jpg?resize=525%2C300 1.5x, https:\/\/i0.wp.com\/www.maennerchor-ermlitz.de\/wp-content\/uploads\/SDC11565.jpg?resize=700%2C400 2x"},"classes":[]},{"id":538,"url":"https:\/\/www.maennerchor-ermlitz.de\/?page_id=538","url_meta":{"origin":1204,"position":3},"title":"Veranstaltungen 2012","author":"Administrator","date":"17. November 2014","format":false,"excerpt":"31.01. Jahreshauptversammlung \u00a0Der Bericht \u00fcber das Jahr 2011 hat ergeben, dass in 47 \u00dcbungsstunden die Grundlage f\u00fcr 18 Auftritte erarbeitet wurden. Mit durchschnittlich 25 S\u00e4ngern haben mehr S\u00e4nger als in den vergangenen Jahr an den Probenstunden teilgenommen. F\u00fcr das nun begonnene Jahr sind schon viele Auftritte geplant, die wieder den\u2026","rel":"","context":"In &quot;Inhalte&quot;","block_context":{"text":"Inhalte","link":"https:\/\/www.maennerchor-ermlitz.de\/?cat=9"},"img":{"alt_text":"","src":"https:\/\/i0.wp.com\/www.maennerchor-ermlitz.de\/wp-content\/uploads\/Chor.jpg?resize=350%2C200","width":350,"height":200,"srcset":"https:\/\/i0.wp.com\/www.maennerchor-ermlitz.de\/wp-content\/uploads\/Chor.jpg?resize=350%2C200 1x, https:\/\/i0.wp.com\/www.maennerchor-ermlitz.de\/wp-content\/uploads\/Chor.jpg?resize=525%2C300 1.5x, https:\/\/i0.wp.com\/www.maennerchor-ermlitz.de\/wp-content\/uploads\/Chor.jpg?resize=700%2C400 2x, https:\/\/i0.wp.com\/www.maennerchor-ermlitz.de\/wp-content\/uploads\/Chor.jpg?resize=1050%2C600 3x, https:\/\/i0.wp.com\/www.maennerchor-ermlitz.de\/wp-content\/uploads\/Chor.jpg?resize=1400%2C800 4x"},"classes":[]},{"id":1568,"url":"https:\/\/www.maennerchor-ermlitz.de\/?page_id=1568","url_meta":{"origin":1204,"position":4},"title":"Veranstaltungen 2016","author":"Administrator","date":"15. Februar 2016","format":false,"excerpt":"02.02. Jahreshauptversammlung Der 1. Vereinsvorsitzende hat Rechenschaft \u00fcber die geleistete Arbeit des M\u00e4nnerchores Ermlitz e. V. im Wirtschaftsjahr 2015 gelegt. Vor seinen Ausf\u00fchrungen wurde mit einer Schweigeminute an den verstorbenen Sangesfreund J\u00fcrgen Bringezu und ehemaligen Chorleiter Ronald Drescher gedacht. Im Namen des Vorstandes dankte der 1. Vereinsvorsitzende dem Chorleiter Erik\u2026","rel":"","context":"In &quot;Inhalte&quot;","block_context":{"text":"Inhalte","link":"https:\/\/www.maennerchor-ermlitz.de\/?cat=9"},"img":{"alt_text":"","src":"https:\/\/i0.wp.com\/www.maennerchor-ermlitz.de\/wp-content\/uploads\/004.jpg?resize=350%2C200","width":350,"height":200,"srcset":"https:\/\/i0.wp.com\/www.maennerchor-ermlitz.de\/wp-content\/uploads\/004.jpg?resize=350%2C200 1x, https:\/\/i0.wp.com\/www.maennerchor-ermlitz.de\/wp-content\/uploads\/004.jpg?resize=525%2C300 1.5x, https:\/\/i0.wp.com\/www.maennerchor-ermlitz.de\/wp-content\/uploads\/004.jpg?resize=700%2C400 2x, https:\/\/i0.wp.com\/www.maennerchor-ermlitz.de\/wp-content\/uploads\/004.jpg?resize=1050%2C600 3x, https:\/\/i0.wp.com\/www.maennerchor-ermlitz.de\/wp-content\/uploads\/004.jpg?resize=1400%2C800 4x"},"classes":[]},{"id":1751,"url":"https:\/\/www.maennerchor-ermlitz.de\/?page_id=1751","url_meta":{"origin":1204,"position":5},"title":"Veranstaltungen 2017","author":"Administrator","date":"23. Februar 2017","format":false,"excerpt":"14.02. - Jahreshauptversammlung Der 1.Vereinsvorsitzende Siegmund Weinert hat Rechenschaft \u00fcber die geleistete Arbeit des M\u00e4nnerchores Ermlitz im Jahr 2016 gelegt. Im Namen des Vorstandes dankte er dem Chorleiter Erik Schober, allen Sangesfreunden, f\u00f6rdernden Mitglieder und Sponsoren f\u00fcr die geleistete Arbeit bei den Proben und Auftritten. Die Anzahl der Chorproben betrug\u2026","rel":"","context":"In &quot;Inhalte&quot;","block_context":{"text":"Inhalte","link":"https:\/\/www.maennerchor-ermlitz.de\/?cat=9"},"img":{"alt_text":"","src":"https:\/\/i0.wp.com\/www.maennerchor-ermlitz.de\/wp-content\/uploads\/1_P1010436.jpg?resize=350%2C200","width":350,"height":200,"srcset":"https:\/\/i0.wp.com\/www.maennerchor-ermlitz.de\/wp-content\/uploads\/1_P1010436.jpg?resize=350%2C200 1x, https:\/\/i0.wp.com\/www.maennerchor-ermlitz.de\/wp-content\/uploads\/1_P1010436.jpg?resize=525%2C300 1.5x, https:\/\/i0.wp.com\/www.maennerchor-ermlitz.de\/wp-content\/uploads\/1_P1010436.jpg?resize=700%2C400 2x"},"classes":[]}],"_links":{"self":[{"href":"https:\/\/www.maennerchor-ermlitz.de\/index.php?rest_route=\/wp\/v2\/pages\/1204","targetHints":{"allow":["GET"]}}],"collection":[{"href":"https:\/\/www.maennerchor-ermlitz.de\/index.php?rest_route=\/wp\/v2\/pages"}],"about":[{"href":"https:\/\/www.maennerchor-ermlitz.de\/index.php?rest_route=\/wp\/v2\/types\/page"}],"author":[{"embeddable":true,"href":"https:\/\/www.maennerchor-ermlitz.de\/index.php?rest_route=\/wp\/v2\/users\/1"}],"replies":[{"embeddable":true,"href":"https:\/\/www.maennerchor-ermlitz.de\/index.php?rest_route=%2Fwp%2Fv2%2Fcomments&post=1204"}],"version-history":[{"count":6,"href":"https:\/\/www.maennerchor-ermlitz.de\/index.php?rest_route=\/wp\/v2\/pages\/1204\/revisions"}],"predecessor-version":[{"id":5547,"href":"https:\/\/www.maennerchor-ermlitz.de\/index.php?rest_route=\/wp\/v2\/pages\/1204\/revisions\/5547"}],"wp:attachment":[{"href":"https:\/\/www.maennerchor-ermlitz.de\/index.php?rest_route=%2Fwp%2Fv2%2Fmedia&parent=1204"}],"wp:term":[{"taxonomy":"category","embeddable":true,"href":"https:\/\/www.maennerchor-ermlitz.de\/index.php?rest_route=%2Fwp%2Fv2%2Fcategories&post=1204"},{"taxonomy":"post_tag","embeddable":true,"href":"https:\/\/www.maennerchor-ermlitz.de\/index.php?rest_route=%2Fwp%2Fv2%2Ftags&post=1204"}],"curies":[{"name":"wp","href":"https:\/\/api.w.org\/{rel}","templated":true}]}}

<p>Hier finden Sie eine Übersicht unserer Konzertberichte, sowie wichtige Meldungen geordnet nach Jahren.</p>
<p style="text-align: center;"><a href="https://www.maennerchor-ermlitz.de/?page_id=78">Highlights bis 2015</a></p>
<p style="text-align: center;"><a href="https://www.maennerchor-ermlitz.de/?page_id=1568">2016</a></p>
<p style="text-align: center;"><a href="https://www.maennerchor-ermlitz.de/?page_id=1751">2017</a></p>
<p style="text-align: center;"><a href="https://www.maennerchor-ermlitz.de/?page_id=2078">2018</a></p>
<p style="text-align: center;"><a href="https://www.maennerchor-ermlitz.de/?page_id=4230">2019</a></p>
<p style="text-align: center;"><a href="https://www.maennerchor-ermlitz.de/?page_id=5504">2020</a></p>

<p>Hier finden Sie eine Übersicht unserer Konzertberichte, sowie wichtige Meldungen geordnet nach Jahren. Highlights bis 2015 2016 2017 2018 2019 2020</p>

06.02.  Jahreshauptversammlung  Der 1. Vereinsvorsitzende Siegmund Weinert hat Rechenschaft über die geleistete Arbeit im Wirtschaftsjahr 2017 gelegt. Zu Beginn der Versammlung wurde mit einer Schweigeminute  an den verstorbenen Sangesfreund Gerd Möritz und an das fördernde Mitglied des Chores Andreas Herzog gedacht. Gerd Möritz war 30 Jahre aktives Mitglied des Chores.…

12.02. Jahreshauptversammlung Der 1. Vorsitzende des Chorvorstandes Siegmund Weinert hat Rechenschaft über die geleistete Arbeit des Chores im Jahr 2018 abgelegt. Er dankte allen für die geleistete Arbeit. Im Berichtsjahr gehörten dem Chor 28 aktive Sangesfreunde an. 10 fördernde Mitglieder unterstützen den Chor dankenswerterweise. Es wurden 41 Chorproben durchgeführt. Um…

04.02. Jahreshauptversammlung Der 1. Vereinsvorsitzende hat Rechenschaft über die geleistete Arbeit des Chores im Berichtsjahr 2013 gelegt. Im Berichtsjahr ist unser Sangesfreund Werner Herfurth verstorben. In einer Schweigeminute wurde an ihn gedacht. Es wurden 44 Chorproben sowie eine Sonderprobe durchgeführt. Öffentliche Auftritte waren es 12. Der Chor hat zur Zeit…

31.01. Jahreshauptversammlung  Der Bericht über das Jahr 2011 hat ergeben, dass in 47 Übungsstunden die Grundlage für 18 Auftritte erarbeitet wurden. Mit durchschnittlich 25 Sängern haben mehr Sänger als in den vergangenen Jahr an den Probenstunden teilgenommen. Für das nun begonnene Jahr sind schon viele Auftritte geplant, die wieder den…

02.02. Jahreshauptversammlung Der 1. Vereinsvorsitzende hat Rechenschaft über die geleistete Arbeit des Männerchores Ermlitz e. V. im Wirtschaftsjahr 2015 gelegt. Vor seinen Ausführungen wurde mit einer Schweigeminute an den verstorbenen Sangesfreund Jürgen Bringezu und ehemaligen Chorleiter Ronald Drescher gedacht. Im Namen des Vorstandes dankte der 1. Vereinsvorsitzende dem Chorleiter Erik…

14.02. - Jahreshauptversammlung Der 1.Vereinsvorsitzende Siegmund Weinert hat Rechenschaft über die geleistete Arbeit des Männerchores Ermlitz im Jahr 2016 gelegt. Im Namen des Vorstandes dankte er dem Chorleiter Erik Schober, allen Sangesfreunden, fördernden Mitglieder und Sponsoren für die geleistete Arbeit bei den Proben und Auftritten. Die Anzahl der Chorproben betrug…
