{"id":4036,"date":"2018-10-28T14:23:12","date_gmt":"2018-10-28T13:23:12","guid":{"rendered":"https:\/\/www.maennerchor-ermlitz.de\/?page_id=4036"},"modified":"2018-10-28T14:23:12","modified_gmt":"2018-10-28T13:23:12","slug":"veranstaltungsorte","status":"publish","type":"page","link":"https:\/\/www.maennerchor-ermlitz.de\/?page_id=4036","title":{"rendered":"Veranstaltungsorte"},"content":{"rendered":"<p>CONTENTS<\/p>\n","protected":false},"excerpt":{"rendered":"<p>CONTENTS<\/p>\n","protected":false},"author":1,"featured_media":0,"parent":4035,"menu_order":0,"comment_status":"closed","ping_status":"open","template":"","meta":{"jetpack_post_was_ever_published":false,"footnotes":""},"categories":[],"tags":[],"class_list":["post-4036","page","type-page","status-publish","hentry"],"jetpack_sharing_enabled":true,"jetpack_shortlink":"https:\/\/wp.me\/P5m6MX-136","jetpack-related-posts":[{"id":4035,"url":"https:\/\/www.maennerchor-ermlitz.de\/?page_id=4035","url_meta":{"origin":4036,"position":0},"title":"Aktuelle Veranstaltungen","author":"Administrator","date":"28. Oktober 2018","format":false,"excerpt":"CONTENTS","rel":"","context":"\u00c4hnlicher Beitrag","block_context":{"text":"\u00c4hnlicher Beitrag","link":""},"img":{"alt_text":"","src":"","width":0,"height":0},"classes":[]},{"id":4037,"url":"https:\/\/www.maennerchor-ermlitz.de\/?page_id=4037","url_meta":{"origin":4036,"position":1},"title":"Kategorien","author":"Administrator","date":"28. Oktober 2018","format":false,"excerpt":"CONTENTS","rel":"","context":"\u00c4hnlicher Beitrag","block_context":{"text":"\u00c4hnlicher Beitrag","link":""},"img":{"alt_text":"","src":"","width":0,"height":0},"classes":[]},{"id":4038,"url":"https:\/\/www.maennerchor-ermlitz.de\/?page_id=4038","url_meta":{"origin":4036,"position":2},"title":"Schlagw\u00f6rter","author":"Administrator","date":"28. Oktober 2018","format":false,"excerpt":"CONTENTS","rel":"","context":"\u00c4hnlicher Beitrag","block_context":{"text":"\u00c4hnlicher Beitrag","link":""},"img":{"alt_text":"","src":"","width":0,"height":0},"classes":[]},{"id":4039,"url":"https:\/\/www.maennerchor-ermlitz.de\/?page_id=4039","url_meta":{"origin":4036,"position":3},"title":"Meine Buchungen","author":"Administrator","date":"28. Oktober 2018","format":false,"excerpt":"CONTENTS","rel":"","context":"\u00c4hnlicher Beitrag","block_context":{"text":"\u00c4hnlicher Beitrag","link":""},"img":{"alt_text":"","src":"","width":0,"height":0},"classes":[]},{"id":7,"url":"https:\/\/www.maennerchor-ermlitz.de\/","url_meta":{"origin":4036,"position":4},"title":"Startseite","author":"Administrator","date":"16. November 2014","format":false,"excerpt":"\u00a0 Der M\u00e4nnerchor Ermlitz begr\u00fc\u00dft Sie ganz herzlich! Wenn Sie auf das Symbol klicken, gerne auch musikalisch! Unser Motto: \"Das Lied ist unser Hort und unser Spruch: Ein Mann ein Wort\" Nehmen Sie teil, an unserem Vereinsleben. \u00dcber diese Homepage informieren wir Sie, wann und wo wir wieder auftreten und\u2026","rel":"","context":"In &quot;Inhalte&quot;","block_context":{"text":"Inhalte","link":"https:\/\/www.maennerchor-ermlitz.de\/?cat=9"},"img":{"alt_text":"Noten_Button","src":"https:\/\/i0.wp.com\/www.maennerchor-ermlitz.de\/wp-content\/uploads\/Noten_Button-150x150.png?resize=350%2C200&ssl=1","width":350,"height":200},"classes":[]},{"id":5504,"url":"https:\/\/www.maennerchor-ermlitz.de\/?page_id=5504","url_meta":{"origin":4036,"position":5},"title":"Veranstaltungen 2020","author":"Administrator","date":"23. Dezember 2019","format":false,"excerpt":"10.02. Jahreshauptversammlung Der 2. Vereinsvorsitzende Bodo Joost hat Rechenschaft \u00fcber die geleistet Arbeit des Chores im Jahr 2019 gelegt. Zu Beginn der Versammlung wurde mit einer Schweigeminute an die verstorbenen Sangesfreunde Joachim Fiedler, J\u00fcrgen Rauch und G\u00fcnther Engelmann gedacht. Der Chor hat 28 aktive Sangesfreunde. Er wird von 7 passiven\u2026","rel":"","context":"In &quot;Inhalte&quot;","block_context":{"text":"Inhalte","link":"https:\/\/www.maennerchor-ermlitz.de\/?cat=9"},"img":{"alt_text":"","src":"https:\/\/i0.wp.com\/www.maennerchor-ermlitz.de\/wp-content\/uploads\/20200210_194742-scaled.jpg?resize=350%2C200","width":350,"height":200,"srcset":"https:\/\/i0.wp.com\/www.maennerchor-ermlitz.de\/wp-content\/uploads\/20200210_194742-scaled.jpg?resize=350%2C200 1x, https:\/\/i0.wp.com\/www.maennerchor-ermlitz.de\/wp-content\/uploads\/20200210_194742-scaled.jpg?resize=525%2C300 1.5x, https:\/\/i0.wp.com\/www.maennerchor-ermlitz.de\/wp-content\/uploads\/20200210_194742-scaled.jpg?resize=700%2C400 2x, https:\/\/i0.wp.com\/www.maennerchor-ermlitz.de\/wp-content\/uploads\/20200210_194742-scaled.jpg?resize=1050%2C600 3x, https:\/\/i0.wp.com\/www.maennerchor-ermlitz.de\/wp-content\/uploads\/20200210_194742-scaled.jpg?resize=1400%2C800 4x"},"classes":[]}],"_links":{"self":[{"href":"https:\/\/www.maennerchor-ermlitz.de\/index.php?rest_route=\/wp\/v2\/pages\/4036","targetHints":{"allow":["GET"]}}],"collection":[{"href":"https:\/\/www.maennerchor-ermlitz.de\/index.php?rest_route=\/wp\/v2\/pages"}],"about":[{"href":"https:\/\/www.maennerchor-ermlitz.de\/index.php?rest_route=\/wp\/v2\/types\/page"}],"author":[{"embeddable":true,"href":"https:\/\/www.maennerchor-ermlitz.de\/index.php?rest_route=\/wp\/v2\/users\/1"}],"replies":[{"embeddable":true,"href":"https:\/\/www.maennerchor-ermlitz.de\/index.php?rest_route=%2Fwp%2Fv2%2Fcomments&post=4036"}],"version-history":[{"count":0,"href":"https:\/\/www.maennerchor-ermlitz.de\/index.php?rest_route=\/wp\/v2\/pages\/4036\/revisions"}],"up":[{"embeddable":true,"href":"https:\/\/www.maennerchor-ermlitz.de\/index.php?rest_route=\/wp\/v2\/pages\/4035"}],"wp:attachment":[{"href":"https:\/\/www.maennerchor-ermlitz.de\/index.php?rest_route=%2Fwp%2Fv2%2Fmedia&parent=4036"}],"wp:term":[{"taxonomy":"category","embeddable":true,"href":"https:\/\/www.maennerchor-ermlitz.de\/index.php?rest_route=%2Fwp%2Fv2%2Fcategories&post=4036"},{"taxonomy":"post_tag","embeddable":true,"href":"https:\/\/www.maennerchor-ermlitz.de\/index.php?rest_route=%2Fwp%2Fv2%2Ftags&post=4036"}],"curies":[{"name":"wp","href":"https:\/\/api.w.org\/{rel}","templated":true}]}}

Ähnlicher Beitrag

Schlagwörter

Der Männerchor Ermlitz begrüßt Sie ganz herzlich! Wenn Sie auf das Symbol klicken, gerne auch musikalisch! Unser Motto: "Das Lied ist unser Hort und unser Spruch: Ein Mann ein Wort" Nehmen Sie teil, an unserem Vereinsleben. Über diese Homepage informieren wir Sie, wann und wo wir wieder auftreten und…

10.02. Jahreshauptversammlung Der 2. Vereinsvorsitzende Bodo Joost hat Rechenschaft über die geleistet Arbeit des Chores im Jahr 2019 gelegt. Zu Beginn der Versammlung wurde mit einer Schweigeminute an die verstorbenen Sangesfreunde Joachim Fiedler, Jürgen Rauch und Günther Engelmann gedacht. Der Chor hat 28 aktive Sangesfreunde. Er wird von 7 passiven…
