{"id":4038,"date":"2018-10-28T14:23:12","date_gmt":"2018-10-28T13:23:12","guid":{"rendered":"https:\/\/www.maennerchor-ermlitz.de\/?page_id=4038"},"modified":"2018-10-28T14:23:12","modified_gmt":"2018-10-28T13:23:12","slug":"schlagwoerter","status":"publish","type":"page","link":"https:\/\/www.maennerchor-ermlitz.de\/?page_id=4038","title":{"rendered":"Schlagw\u00f6rter"},"content":{"rendered":"<p>CONTENTS<\/p>\n","protected":false},"excerpt":{"rendered":"<p>CONTENTS<\/p>\n","protected":false},"author":1,"featured_media":0,"parent":4035,"menu_order":0,"comment_status":"closed","ping_status":"open","template":"","meta":{"jetpack_post_was_ever_published":false,"footnotes":""},"categories":[],"tags":[],"class_list":["post-4038","page","type-page","status-publish","hentry"],"jetpack_sharing_enabled":true,"jetpack_shortlink":"https:\/\/wp.me\/P5m6MX-138","jetpack-related-posts":[{"id":4035,"url":"https:\/\/www.maennerchor-ermlitz.de\/?page_id=4035","url_meta":{"origin":4038,"position":0},"title":"Aktuelle Veranstaltungen","author":"Administrator","date":"28. Oktober 2018","format":false,"excerpt":"CONTENTS","rel":"","context":"\u00c4hnlicher Beitrag","block_context":{"text":"\u00c4hnlicher Beitrag","link":""},"img":{"alt_text":"","src":"","width":0,"height":0},"classes":[]},{"id":4036,"url":"https:\/\/www.maennerchor-ermlitz.de\/?page_id=4036","url_meta":{"origin":4038,"position":1},"title":"Veranstaltungsorte","author":"Administrator","date":"28. Oktober 2018","format":false,"excerpt":"CONTENTS","rel":"","context":"\u00c4hnlicher Beitrag","block_context":{"text":"\u00c4hnlicher Beitrag","link":""},"img":{"alt_text":"","src":"","width":0,"height":0},"classes":[]},{"id":4037,"url":"https:\/\/www.maennerchor-ermlitz.de\/?page_id=4037","url_meta":{"origin":4038,"position":2},"title":"Kategorien","author":"Administrator","date":"28. Oktober 2018","format":false,"excerpt":"CONTENTS","rel":"","context":"\u00c4hnlicher Beitrag","block_context":{"text":"\u00c4hnlicher Beitrag","link":""},"img":{"alt_text":"","src":"","width":0,"height":0},"classes":[]},{"id":4039,"url":"https:\/\/www.maennerchor-ermlitz.de\/?page_id=4039","url_meta":{"origin":4038,"position":3},"title":"Meine Buchungen","author":"Administrator","date":"28. Oktober 2018","format":false,"excerpt":"CONTENTS","rel":"","context":"\u00c4hnlicher Beitrag","block_context":{"text":"\u00c4hnlicher Beitrag","link":""},"img":{"alt_text":"","src":"","width":0,"height":0},"classes":[]},{"id":1190,"url":"https:\/\/www.maennerchor-ermlitz.de\/?page_id=1190","url_meta":{"origin":4038,"position":4},"title":"Datenschutzerkl\u00e4rung","author":"Administrator","date":"21. November 2014","format":false,"excerpt":"Datenschutzerkl\u00e4rung Geltungsbereich Diese Datenschutzerkl\u00e4rung kl\u00e4rt Nutzer \u00fcber die Art, den Umfang und Zwecke der Erhebung und Verwendung personenbezogener Daten durch den verantwortlichen Anbieter M\u00e4nnerchor Ermlitz c\/o Siegmund Weinert Triniusstr. 34 04435 Schkeuditz auf dieser Website auf. Webseiten-Administrator: Matthias Schleusener Auenring 45 06258 Schkopau - OT Ermlitz Tel.: (+49) 176\/70 999\u2026","rel":"","context":"In &quot;Inhalte&quot;","block_context":{"text":"Inhalte","link":"https:\/\/www.maennerchor-ermlitz.de\/?cat=9"},"img":{"alt_text":"","src":"","width":0,"height":0},"classes":[]},{"id":2078,"url":"https:\/\/www.maennerchor-ermlitz.de\/?page_id=2078","url_meta":{"origin":4038,"position":5},"title":"Veranstaltungen 2018","author":"Administrator","date":"26. Februar 2018","format":false,"excerpt":"06.02.\u00a0 Jahreshauptversammlung \u00a0Der 1. Vereinsvorsitzende Siegmund Weinert hat Rechenschaft \u00fcber die geleistete Arbeit im Wirtschaftsjahr 2017 gelegt. Zu Beginn der Versammlung wurde mit einer Schweigeminute\u00a0 an den verstorbenen Sangesfreund Gerd M\u00f6ritz und an das f\u00f6rdernde Mitglied des Chores Andreas Herzog gedacht. Gerd M\u00f6ritz war 30 Jahre aktives Mitglied des Chores.\u2026","rel":"","context":"In &quot;Inhalte&quot;","block_context":{"text":"Inhalte","link":"https:\/\/www.maennerchor-ermlitz.de\/?cat=9"},"img":{"alt_text":"","src":"https:\/\/i0.wp.com\/www.maennerchor-ermlitz.de\/wp-content\/uploads\/002.jpg?resize=350%2C200","width":350,"height":200},"classes":[]}],"_links":{"self":[{"href":"https:\/\/www.maennerchor-ermlitz.de\/index.php?rest_route=\/wp\/v2\/pages\/4038","targetHints":{"allow":["GET"]}}],"collection":[{"href":"https:\/\/www.maennerchor-ermlitz.de\/index.php?rest_route=\/wp\/v2\/pages"}],"about":[{"href":"https:\/\/www.maennerchor-ermlitz.de\/index.php?rest_route=\/wp\/v2\/types\/page"}],"author":[{"embeddable":true,"href":"https:\/\/www.maennerchor-ermlitz.de\/index.php?rest_route=\/wp\/v2\/users\/1"}],"replies":[{"embeddable":true,"href":"https:\/\/www.maennerchor-ermlitz.de\/index.php?rest_route=%2Fwp%2Fv2%2Fcomments&post=4038"}],"version-history":[{"count":0,"href":"https:\/\/www.maennerchor-ermlitz.de\/index.php?rest_route=\/wp\/v2\/pages\/4038\/revisions"}],"up":[{"embeddable":true,"href":"https:\/\/www.maennerchor-ermlitz.de\/index.php?rest_route=\/wp\/v2\/pages\/4035"}],"wp:attachment":[{"href":"https:\/\/www.maennerchor-ermlitz.de\/index.php?rest_route=%2Fwp%2Fv2%2Fmedia&parent=4038"}],"wp:term":[{"taxonomy":"category","embeddable":true,"href":"https:\/\/www.maennerchor-ermlitz.de\/index.php?rest_route=%2Fwp%2Fv2%2Fcategories&post=4038"},{"taxonomy":"post_tag","embeddable":true,"href":"https:\/\/www.maennerchor-ermlitz.de\/index.php?rest_route=%2Fwp%2Fv2%2Ftags&post=4038"}],"curies":[{"name":"wp","href":"https:\/\/api.w.org\/{rel}","templated":true}]}}

Schlagwörter

Ähnlicher Beitrag

Datenschutzerklärung

Datenschutzerklärung Geltungsbereich Diese Datenschutzerklärung klärt Nutzer über die Art, den Umfang und Zwecke der Erhebung und Verwendung personenbezogener Daten durch den verantwortlichen Anbieter Männerchor Ermlitz c/o Siegmund Weinert Triniusstr. 34 04435 Schkeuditz auf dieser Website auf. Webseiten-Administrator: Matthias Schleusener Auenring 45 06258 Schkopau - OT Ermlitz Tel.: (+49) 176/70 999…

06.02.  Jahreshauptversammlung  Der 1. Vereinsvorsitzende Siegmund Weinert hat Rechenschaft über die geleistete Arbeit im Wirtschaftsjahr 2017 gelegt. Zu Beginn der Versammlung wurde mit einer Schweigeminute  an den verstorbenen Sangesfreund Gerd Möritz und an das fördernde Mitglied des Chores Andreas Herzog gedacht. Gerd Möritz war 30 Jahre aktives Mitglied des Chores.…
